 37, 67
Suppose 2*l + 86 = -4*d, 2*d = -0 - 4. What are the prime factors of (-34 - l) + (327 - 0/(-1))?
2, 83
What are the prime factors of 236655/(-6)*(-64)/160?
3, 1753
Let p(f) = -f**3 - 4*f**2 + 5. Let w be p(-6). Let o = 205 - w. Suppose 5*i - o = i. List the prime factors of i.
2
Let l = -1677 + 22447. What are the prime factors of l?
2, 5, 31, 67
Suppose -d = g - 2319, -4*d = -7*g + 6*g - 9301. Let n = d - 1361. What are the prime factors of n?
3, 107
Let v(q) = -99*q**3 - 4*q**2 - 3*q + 1. Let z be v(-2). Let y = 57 + z. List the prime factors of y.
2, 3, 5, 7
Suppose -2*i - 2*u - 44 = 0, -u - 34 = i + 4*u. Suppose 0 = b + 1, -2*o - 5*b + 95 = 2*o. Let r = i + o. List the prime factors of r.
2, 3
List the prime factors of 49224 + 1 - (-56)/(-4).
49211
Let b(t) = 2*t**3 + 3*t**2 - t + 6. Let n be (-2)/((-64)/(-12) + -6). What are the prime factors of b(n)?
2, 3, 7
Let u(x) = x**3 - 4*x**2 - 2*x + 6. Suppose 12 = 3*w - 4*y + 11, y = 5. List the prime factors of u(w).
139
Let d(f) = -16*f + 7. Let r be d(3). Let y be 420/(-52)*r + (-4)/26. Let i = y - 194. What are the prime factors of i?
137
Suppose 2 = -9*i + 2. Suppose 0 = -3*s + 4*q + 896, 3*s + 5*q + 218 - 1069 = i. List the prime factors of s.
2, 73
Let u be ((-28)/6)/(2/(-30)*1). Let v = u + -57. Let a(m) = m**3 - 12*m**2 - 4*m - 11. What are the prime factors of a(v)?
2, 53
Let t(k) = -k - 23. Let o be t(-23). Let s(r) = -17*r**2 + 23 + 12 - 14*r + o*r**3 + r**3. What are the prime factors of s(18)?
107
Let l = -3 + 5. Suppose 5*d = l*h + 3163, -3*d = -2*d - h - 635. List the prime factors of d.
631
Suppose -10*s + 133 = 33. What are the prime factors of (25260/(-150))/((-4)/s)?
421
Let u(c) = 8936*c + 9943. List the prime factors of u(5).
54623
List the prime factors of (10/20)/((-4)/(-7) - 67185/117586).
37, 227
What are the prime factors of (-56)/4 + 8598889/169?
50867
Let a be (-62)/(-22) + (-217)/77 + 3. Suppose -638 = -2*t - 5*j, a*j + 1276 = 4*t - 0*t. What are the prime factors of t?
11, 29
Suppose 33*o = -121159 + 450895. List the prime factors of o.
2, 1249
Let y be ((-1306)/12*4)/((-28)/(-42)). Let q = y - -1529. Suppose 0 = 14*a - 2*a - q. List the prime factors of a.
73
Let w(j) = -18 + 9*j**3 + 14*j - 7*j - 9. Let i be w(3). Suppose 5*x = 113 + i. What are the prime factors of x?
2, 5, 7
Let b(h) = -209*h + 115. What are the prime factors of b(-8)?
1787
Suppose 3*q - 13950 = -4*g, 0 = 5*q - 299*g + 302*g - 23239. List the prime factors of q.
2, 23, 101
Suppose -j - 2*c + 1747 = 0, 8783 = -17*j + 22*j - 2*c. Let m = j + -1222. List the prime factors of m.
13, 41
Suppose -d - 3 = 2*g - 3*g, 0 = 5*d + g - 3. Let i be ((-12)/(-9) - d)*237. Suppose 4*v - i = 140. What are the prime factors of v?
2, 3, 19
Let l = 42921 - 19682. What are the prime factors of l?
17, 1367
Let t = 151 - 151. Suppose t = 4*o - o, f + 3*o - 84 = 0. What are the prime factors of f?
2, 3, 7
Suppose 7*g = 10*g - 5*v - 59499, -5*g + 99165 = 3*v. List the prime factors of g.
3, 11, 601
Suppose -4*t + 90 = -14. Let q = 529 + t. List the prime factors of q.
3, 5, 37
Suppose 38257 = 44*d + 8205. Suppose 689*p - d*p - 6768 = 0. List the prime factors of p.
2, 3, 47
What are the prime factors of (3/4)/(36/(-234) - (-108922)/707824)?
2, 3, 41, 83
Let d = 10759 + -4884. List the prime factors of d.
5, 47
Let y(f) be the third derivative of -f**5/120 + 19*f**4/24 + 2*f**3 + 26*f**2. Let o(w) be the first derivative of y(w). List the prime factors of o(8).
11
Let p = 3155 - 1083. List the prime factors of p.
2, 7, 37
Let f(o) = o**3 - 6*o**2 - 9*o + 5. Let w be (-24)/(-60)*(25 - 0). Suppose 0 = w*k - 55 - 25. List the prime factors of f(k).
61
Suppose -5*f = 5*m + 150, 0 = -m - 2*f - 0*f - 30. Let b = m + 489. What are the prime factors of b?
3, 17
Let n(w) = w**3 - 12*w**2 + 10*w + 12. Let s be n(11). Let y(t) = -2*t + 2 + 3*t - 14 - s. What are the prime factors of y(18)?
5
What are the prime factors of 4*3*206 - (-21 + 14)?
37, 67
Suppose -985*u = -987*u + 4. What are the prime factors of (-258658)/(-230) - u/(-5)?
3, 5
Let h = -13184 - -29049. List the prime factors of h.
5, 19, 167
Let f(i) = i**3 - 3*i**2 + 11*i + 23. Let r be f(-3). What are the prime factors of 4*(-20)/r + (-52083)/(-36)?
2, 181
Let i(n) be the second derivative of -n**5/5 - n**4/3 - 2*n**3 - 30*n**2 - 17*n - 2. What are the prime factors of i(-5)?
2, 5
Let r(g) = 30*g + 47. Let y(n) = 20*n + 31. Let u(a) = 5*r(a) - 7*y(a). Let b be u(6). Let s = b + -39. What are the prime factors of s?
3, 13
Suppose 21*x - 146664 = 19722 + 54954. List the prime factors of x.
2, 5, 17, 31
Suppose -5*o - 1074 = -0*d - 3*d, 0 = -5*d - 3*o + 1824. Let v = 681 - d. List the prime factors of v.
2, 3, 53
Suppose m = -119*v + 121*v + 16445, v = 3*m - 49370. What are the prime factors of m?
109, 151
Suppose 1165*g - 2*x = 1169*g - 232104, 5*x = -g + 58017. What are the prime factors of g?
58027
Let p(d) be the third derivative of d**4/12 - 13*d**3/2 + 30*d**2. Let l(g) = -g + 1. Let i(y) = -5*l(y) - p(y). What are the prime factors of i(6)?
2, 13
Let y(h) = 8*h + 12. Suppose 4*w + 5*j + 5 = 0, 5*w - 13 = 5*j + 37. What are the prime factors of y(w)?
2, 13
Let r(b) = -7*b**2 + 3*b + 1. Let o be r(1). List the prime factors of (3 + (-577)/o)/((-6)/(-9)).
293
Let x = 16882 + -13304. What are the prime factors of x?
2, 1789
Let j = 1020 + -2794. What are the prime factors of 7/28 + j/(-8)?
2, 3, 37
Suppose 48 + 392 = -5*w. Let h = 102 + w. Suppose h*d - 15*d = -103. What are the prime factors of d?
103
List the prime factors of (1 - 94)*(13 - (2 + 90)).
3, 31, 79
Let g(m) be the second derivative of 73*m**5/120 - m**4/8 + 19*m**3/6 - 20*m. Let w(u) be the second derivative of g(u). What are the prime factors of w(1)?
2, 5, 7
Let j(s) be the third derivative of -11*s**4/12 + 2*s**3 + 9*s**2 + 3. What are the prime factors of j(-13)?
2, 149
Suppose -4*k = -2*z - 112, 0 = 7*z - 10*z - 4*k - 128. List the prime factors of 0 - (31184/z + 2/3).
11, 59
List the prime factors of 2822 - ((-5 - -1) + 4)/(-4).
2, 17, 83
Suppose k + 5*o = 30, -6*k + 4*k - o + 15 = 0. Let b(a) = 6*a**2 - 10*a - 4. What are the prime factors of b(k)?
2, 3
Let u(r) = 5*r**3 + 2*r**2 + 2 - 8*r**3 + 0*r**2 + 2 + 6*r. Let f be u(-4). Suppose f = -12*j + 16*j. What are the prime factors of j?
3, 17
Let u(y) = -26*y + 18. Let v be u(1). Let b(l) = 22 - 3*l - 6*l - 6*l - 5*l**2 + 4*l**2. List the prime factors of b(v).
2, 3, 13
Suppose -d + 1587 = 4*u - 78515, -4*d + 4*u + 320308 = 0. What are the prime factors of d?
2, 3, 1483
What are the prime factors of (354856/28)/(205/287*6/15)?
44357
Let j(c) = 1456*c**2 + 23*c - 57. What are the prime factors of j(3)?
2, 3, 1093
Suppose 12*s - 436489 = 76163. List the prime factors of s.
7, 17, 359
Suppose 1116 = 65*i - 59*i. Let s(z) = z**3 - 12*z**2 + 5*z + 13. Let c be s(11). Let u = c + i. What are the prime factors of u?
7, 19
Let c(f) = f**2 + 21*f - 16. Let w(h) = 22*h - 15. Let u(n) = -5*c(n) + 6*w(n). Let j be u(5). Suppose j*q = -6*q + 720. List the prime factors of q.
2, 3, 5
Let w(r) = r**3 + 4*r**2 - r - 2. Let n be w(-4). Let u(d) = 2*d + 2*d - 9*d - 3 + n*d. What are the prime factors of u(-4)?
3
Let v = -59 - -83. Suppose 6*l + v = -0*l. What are the prime factors of (-36)/(-6) + l - -218?
2, 5, 11
Suppose -p = 29 - 4. Let s be (-3)/(18/33 - 2055/4070). Let v = p - s. List the prime factors of v.
7
Let j = -174 - -292. Suppose o - j = 66. Suppose -2*d = -g - 184, -2*d + 0*g - 4*g = -o. What are the prime factors of d?
2, 23
Let w(b) = b**3 - 2*b**2 - b + 7. Let p be w(0). Let c(o) = -2*o - p + 0*o - o**3 + 3*o + 9*o**2. List the prime factors of c(8).
5, 13
Suppose -3*d = -13 + 13. Suppose d = -47*z + 46*z + 128. What are the prime factors of z?
2
Suppose 939*r + 5309874 = 1085*r. What are the prime factors of r?
3, 449
Suppose -4*i - 4*s + 96806 = -48686, 0 = 2*i - 5*s - 72795. List the prime factors of i.
2, 5, 17, 107
Let p(g) = g**2 + 2*g - 3. Let n = -27 + 27. Let o be p(n). List the prime factors of o + 3 + 72 + -1.
71
Let u(x) = -2*x**3 + 8*x**2 + 6*x - 1. Let q be u(4). Suppose -28*a + q*a = -45. List the prime factors of (264/10)/(a/150*5).
2, 11
Let m(f) = -f + 18. Let s be m(8). Let v be 2/s + (1603/35 - 7). What are the prim